 base 3.
-20102122000
What is 136ca2 (base 15) in base 11?
588aa1
Convert -53922 (base 15) to base 10.
-265307
What is -553123 (base 8) in base 7?
-1403045
132030330 (base 4) to base 2
11110001100111100
What is -201d27a (base 14) in base 8?
-71565734
Convert -506274 (base 10) to base 13.
-149592
1489aa (base 14) to base 9
1310247
Convert -24420540 (base 6) to base 9.
-1418446
-4b050 (base 12) to base 6
-2104140
What is -101011201202201 (base 3) in base 4?
-110220031000
Convert 726ab6 (base 13) to base 16.
28c25a
141034 (base 10) to base 11
96a63
What is 20000010200 (base 3) in base 6?
2311113
What is -18766 (base 13) in base 7?
-255130
-1300515042 (base 6) to base 11
-8613332
What is 15b79bb (base 13) in base 8?
32604143
What is 431214402 (base 5) in base 9?
3373476
What is 21211010210 (base 3) in base 13?
550a1
What is -334c62 (base 13) in base 9?
-2244383
-31526464 (base 7) to base 10
-2679415
What is 22b14 (base 15) in base 2?
11010111110011110
-108304b (base 12) to base 3
-12221101202012
-953530 (base 10) to base 2
-11101000110010111010
Convert 1075417 (base 9) to base 12.
240521
-18272743 (base 9) to base 4
-203012033022
132434013 (base 5) to base 2
10100011110110011101
Convert 172763 (base 10) to base 5.
21012023
-2313132201 (base 4) to base 3
-1102011220010
43064 (base 11) to base 15
13852
Convert 547330 (base 11) to base 12.
361624
What is 5970 (base 11) in base 4?
1322031
What is -66436 (base 8) in base 3?
-1102022121
What is 3236650 (base 8) in base 6?
30333212
What is -202410030 (base 6) in base 12?
-1200916
What is 100101111000110110010 (base 2) in base 13?
346139
What is -36606150 (base 7) in base 16?
-320a93
Convert -1072434 (base 8) to base 5.
-33321444
Convert 22421311 (base 5) to base 9.
336310
529692 (base 10) to base 14
db072
Convert 902289 (base 10) to base 11.
5669a3
What is 49a524 (base 12) in base 7?
13125325
What is -111101021012 (base 3) in base 15?
-53078
-45395 (base 11) to base 16
-10096
What is 111704 (base 11) in base 15?
37a84
Convert 180649 (base 15) to base 12.
482796
Convert -144c083 (base 14) to base 12.
-337a46b
What is -7e8c69 (base 15) in base 7?
-102313440
What is 23216144 (base 8) in base 15?
69c52a
What is 11a57aa (base 11) in base 4?
13331123310
What is -8b37 (base 15) in base 7?
-152041
What is -a63870 (base 12) in base 4?
-21333130110
-2610493 (base 11) to base 15
-5e598a
Convert 11147130 (base 8) to base 9.
4475723
What is 22120021210111 (base 3) in base 5?
2131134311
What is 1130222130 (base 4) in base 7?
3140361
-588b7 (base 12) to base 11
-81286
Convert -30f24 (base 16) to base 9.
-335010
What is efda4 (base 16) in base 2?
11101111110110100100
4513250 (base 7) to base 16
88472
Convert -11c248 (base 14) to base 10.
-609624
Convert -12c71 (base 15) to base 6.
-1142341
Convert 14417cc (base 13) to base 16.
621c4d
Convert 138da1 (base 16) to base 5.
312001231
Convert -334014420 (base 5) to base 9.
-2680386
Convert -4b2a963 (base 12) to base 8.
-70167333
What is -410200531 (base 6) in base 8?
-32603407
What is -30031333312 (base 4) in base 8?
-14157766
Convert -1009a0 (base 11) to base 13.
-58b0a
ed64d (base 16) to base 11
604609
Convert -31c607 (base 14) to base 8.
-6334757
Convert -3989637 (base 10) to base 14.
-75bd41
Convert 204815 (base 10) to base 4.
302000033
Convert 321154023 (base 6) to base 5.
2422114021
Convert -2898047 (base 11) to base 15.
-683b9d
Convert 3156520 (base 9) to base 15.
236069
Convert -20010102011 (base 3) to base 7.
-1011364
What is -5992 (base 11) in base 6?
-100153
Convert -120557 (base 10) to base 15.
-25ac2
-21604 (base 16) to base 3
-20221112021
What is cb9d2 (base 16) in base 12?
342782
Convert -1001011001000100001011 (base 2) to base 8.
-11310413
-212512133 (base 6) to base 3
-21002200210010
What is 984213 (base 12) in base 16?
24d02f
What is -10e88a0 (base 15) in base 16?
-b91045
What is -4511651 (base 8) in base 5?
-302424244
193254 (base 12) to base 15
8a9e7
What is 23b1c (base 15) in base 13?
3caaa
What is -4131444304 (base 5) in base 8?
-40234340
What is 261203246 (base 7) in base 8?
77323264
Convert -51a185 (base 11) to base 10.
-833420
706546 (base 11) to base 16
11557e
What is 116466 (base 15) in base 13?
231480
-378837 (base 9) to base 8
-700324
What is 34bd4 (base 15) in base 11?
105292
Convert 10504201 (base 7) to base 5.
213042144
Convert 295aa4a (base 12) to base 11.
4782436
1212203112 (base 4) to base 10
420054
Convert -6bcc (base 14) to base 2.
-100100101110000
-16002351 (base 9) to base 12
-280626a
Convert -1354341 (base 6) to base 11.
-5321a
Convert -10010011001011010110 (base 2) to base 3.
-1010121221100
What is -b24487 (base 14) in base 5?
-3014123100
Convert 224204401 (base 7) to base 15.
13040e7
What is 103300121101 (base 4) in base 15?
6c4791
What is -c921 (base 15) in base 11?
-29a78
What is 280584 (base 15) in base 8?
7257607
11540132 (base 6) to base 14
99156
What is -6b67c0 (base 15) in base 9?
-10586060
What is -155611405 (base 7) in base 6?
-1014352124
What is 110001221200111 (base 3) in base 9?
13057614
Convert 2000102220201 (base 3) to base 5.
233242233
What is -666317 (base 10) in base 3?
-1020212000102
Convert 4045653 (base 9) to base 7.
24220155
Convert -31244401 (base 5) to base 11.
-167944
What is 1411100234 (base 5) in base 13?
99641c
4833733 (base 9) to base 11
152aa05
Convert -234ab (base 14) to base 8.
-247757
What is 2035531 (base 6) in base 3?
12000002101
-10120002000212 (base 3) to base 8
-7155351
-15463151 (base 7) to base 6
-52011052
What is 14545424 (base 9) in base 11?
40a1198
What is -78bd3 (base 15) in base 5?
-44242143
What is -1001122221120 (base 3) in base 10?
-564207
Convert 13210031332 (base 4) to base 11.
1135143
Convert 410523 (base 6) to base 15.
99d0
What is b575b (base 13) in base 7?
2526435
What is -2f87b2 (base 16) in base 4?
-23320132302
1bdc3a (base 15) to base 8
5145700
Convert 124539 (base 13) to base 2.
1101010111101010000
Convert 321687 (base 15) to base 2.
1001000110000101100011
-7590 (base 16) to base 6
-351200
Convert 8083322 (base 10) to base 3.
120012200020022
143335625 (base 7) to base 16
908654
-23c37 (base 15) to base 10
-114127
What is -1114341444 (base 5) in base 16?
-2617f3
142873 (base 14) to base 5
134324040
Convert 510196 (base 11) to base 5.
202220442
630313 (base 12) to base 7
16136262
What is 86a65 (base 16) in base 2?
10000110101001100101
-65c7cb (base 13) to base 15
-325902
Convert -801a6 (base 12) to base 5.
-20304113
-456331 (base 7) to base 11
-56225
What is -325112 (base 6) in base 10?
-27044
a809c6 (base 13) to base 12
13a1a79
Convert 1c272 (base 15) to base 4.
112120202
Convert -1376726 (base 10) to base 13.
-392840
Convert -101101000011000011 (base 2) to base 11.
-1166a1
What is 33324403 (base 5) in base 2?
1000111011001111110
Convert 153724 (base 9) to base 6.
2010034
Convert 5436473 (base 8) to base 4.
11203310323
Convert -42912 (base 10) to base 15.
-caac
What is 22938 (base 11) in base 16?
8132
Convert 243243356 (base 7) to base 3.
1001122022111112
What is 4354150 (base 11) in base 5?
3424214402
21000121 (base 5) to base 2
101001111110000111
Convert 220020003 (base 4) to base 13.
59a69
353024300 (base 6) to base 10
6582060
What is -10100201000011 (base 3) in base 14?
-3468b3
131332403 (base 6) to base 2
1001111001010001010011
Convert 12b01 (base 12) to base 13.
b96b
-218597 (base 16) to base 13
-5bbc44
Convert 1247423 (base 9) to base 12.
28a293
Convert -102221101100 (base 3) to base 15.
-4997c
Convert 10212211210020 (base 3) to base 6.
112121523
Convert -37268 (base 13) to base 4.
-120301232
1588722 (base 9) to base 16
d8359
-13424617 (base 8) to base 7
-34500050
Convert 20032032 (base 5) to base 13.
57130
Convert 43535021 (base 6) to base 14.
25d0c5
Convert -14112432 (base 7) to base 12.
-534690
What is -1615475 (base 11) in base 4?
-22201300301
-3481101 (base 12) to base 11
-57930a7
Convert 112391 (base 13) to base 7.
3304250
Convert 66b712 (base 12) to base 13.
4543ca
What is 30391 (base 12) in base 14?
18c21
What is -29901b (base 13) in base 2?
-11111000111000101000
What is 313252 (base 14) in base 12?
680ba0
Convert 1845138 (base 9) to base 12.
41a352
Convert -cb4509 (base 14) to base 9.
-13858130
Convert -208e1 (base 15) to base 9.
-166574
111111110011010010010